{"id":46,"date":"2023-02-03T19:09:58","date_gmt":"2023-02-03T19:09:58","guid":{"rendered":"https:\/\/monfey.com\/?post_type=product&#038;p=46"},"modified":"2023-02-11T16:39:49","modified_gmt":"2023-02-11T16:39:49","slug":"magic-cane","status":"publish","type":"product","link":"https:\/\/monfey.com\/?product=magic-cane","title":{"rendered":"Magic Cane"},"content":{"rendered":"<p>Magic Cane &#8211; L&#8217;unico con 4 punti d&#8217;appoggio! Il bastone da passeggio pratico ed intelligente &#8211; salvaspazio pieghevole e richiudibile ad altezza regolabile &#8211; Bastone ripiegabile con Luce a led<\/p>\n<p>Bastone da passeggio pieghevole con luce a led Con questo innovativo bastone da passeggio avrete la stabilit\u00e0 ed il sostegno di cui avete bisogno godendovi la libert\u00e0 di andare dove vorrete. Comodo e sicuro! Si adatta ad ogni superficie durante le vostre passeggiate. Il suo manico \u00e8 dotato di un faretto a led che vi consente di utilizzarlo anche al buio, potrete illuminare la strada dove state camminando. Questo bastone da passeggio \u00e8 anche regolabile in altezza: da 83 a 94 cm Dettagli: * Pieghevole e richiudibile * Luce a LED orientabile * Base Extra Larga * Impugnatura morbida * Cinturino da polso * Regolabile in altezza 86 cm per 94 cm circa.<\/p>\n<ul>\n<li>PIEGHEVOLE<\/li>\n<li>LUCE INCORPORATA<\/li>\n<li>LEGGERO E RESISTENTE<\/li>\n<li>ALTEZZA REGOLABILE<\/li>\n<li>AUTOPORTANTE STA IN PIEDI DA SOLO<\/li>\n<li>L&#8217;UNICO CON 4 PUNTI DI APPOGGIO!<\/li>\n<li>GARANZIA ITALIA DI 2 ANNI<\/li>\n<li>COMPLETAMENTE RICHIUDIBILE E CON ALTEZZA REGOLABILE!<\/li>\n<li>LUCE A LED PER PASSEGGIARE COMODAMENTE ANCHE AL BUIO!<\/li>\n<li>REGOLABILE IN 5 DIVERSI LIVELLI DI ALTEZZA<\/li>\n<\/ul>\n","protected":false},"excerpt":{"rendered":"<p>BASTONE DA PASSEGGIO MAGIC CANE CON LUCE A LED ALTEZZA REGOLABILE PIEGHEVOLE<\/p>\n","protected":false},"featured_media":47,"comment_status":"open","ping_status":"closed","template":"","meta":[],"product_cat":[16],"product_tag":[],"_links":{"self":[{"href":"https:\/\/monfey.com\/index.php?rest_route=\/wp\/v2\/product\/46"}],"collection":[{"href":"https:\/\/monfey.com\/index.php?rest_route=\/wp\/v2\/product"}],"about":[{"href":"https:\/\/monfey.com\/index.php?rest_route=\/wp\/v2\/types\/product"}],"replies":[{"embeddable":true,"href":"https:\/\/monfey.com\/index.php?rest_route=%2Fwp%2Fv2%2Fcomments&post=46"}],"wp:featuredmedia":[{"embeddable":true,"href":"https:\/\/monfey.com\/index.php?rest_route=\/wp\/v2\/media\/47"}],"wp:attachment":[{"href":"https:\/\/monfey.com\/index.php?rest_route=%2Fwp%2Fv2%2Fmedia&parent=46"}],"wp:term":[{"taxonomy":"product_cat","embeddable":true,"href":"https:\/\/monfey.com\/index.php?rest_route=%2Fwp%2Fv2%2Fproduct_cat&post=46"},{"taxonomy":"product_tag","embeddable":true,"href":"https:\/\/monfey.com\/index.php?rest_route=%2Fwp%2Fv2%2Fproduct_tag&post=46"}],"curies":[{"name":"wp","href":"https:\/\/api.w.org\/{rel}","templated":true}]}}